{"id":52,"date":"2019-06-04T15:51:53","date_gmt":"2019-06-04T13:51:53","guid":{"rendered":"http:\/\/www.reperes44.org\/?page_id=52"},"modified":"2020-03-03T09:30:11","modified_gmt":"2020-03-03T08:30:11","slug":"historique","status":"publish","type":"page","link":"https:\/\/www.reperes44.org\/index.php\/historique\/","title":{"rendered":"Historique"},"content":{"rendered":"\n<h5 class=\"wp-block-heading\">L\u2019association REPERES 44, <strong>R\u00c9<\/strong>seau de <strong>P<\/strong>r\u00e9vention <strong>E<\/strong>t de <strong>RE<\/strong>cherches sur le <strong>S<\/strong>uicide, voit le jour en Ao\u00fbt 2006, \u00e0 l&rsquo;initiative d&rsquo;associations et d&rsquo;institutions qui agissaient sur le d\u00e9partement de la Loire Atlantique \u00e0 la pr\u00e9vention du mal-\u00eatre et du risque suicidaire.<\/h5>\n\n\n\n<h5 class=\"wp-block-heading\">Elle a pour objectif la pr\u00e9vention et l\u2019am\u00e9lioration de la prise en charge des personnes en situation de crise suicidaire et de leur entourage, en favorisant la r\u00e9flexion et l\u2019articulation des pratiques entre les diff\u00e9rents partenaires des lieux ressources et structures de soins.<\/h5>\n\n\n\n<h5 class=\"wp-block-heading\"> Elle regroupe aujourd&rsquo;hui des professionnelles salari\u00e9s et b\u00e9n\u00e9voles qui repr\u00e9sentent des institutions et des associations des champs sanitaire et social.<\/h5>\n\n\n\n<h5 class=\"wp-block-heading\">Le r\u00e9seau \u00e9tant un dispositif \u00e9l\u00e9mentaire en terme de pr\u00e9vention du suicide, REPERES 44 propose diff\u00e9rentes actions qui permettent de d\u00e9couvrir des savoir-faire, des dispositifs sp\u00e9cifiques ainsi que des avanc\u00e9es de la recherche dans le champ de la pr\u00e9vention du suicide. <\/h5>\n","protected":false},"excerpt":{"rendered":"<p>L\u2019association REPERES 44, R\u00c9seau de Pr\u00e9vention Et de REcherches sur le Suicide, voit le jour en Ao\u00fbt 2006, \u00e0 l&rsquo;initiative d&rsquo;associations et d&rsquo;institutions qui agissaient sur le d\u00e9partement de la Loire Atlantique \u00e0 la pr\u00e9vention du mal-\u00eatre et du risque suicidaire. Elle a pour objectif la pr\u00e9vention et l\u2019am\u00e9lioration de la prise en charge des &#8230; <a title=\"Historique\" class=\"read-more\" href=\"https:\/\/www.reperes44.org\/index.php\/historique\/\" aria-label=\"En savoir plus sur Historique\">Lire la suite<\/a><\/p>\n","protected":false},"author":1,"featured_media":0,"parent":0,"menu_order":0,"comment_status":"closed","ping_status":"closed","template":"","meta":{"footnotes":""},"class_list":["post-52","page","type-page","status-publish"],"_links":{"self":[{"href":"https:\/\/www.reperes44.org\/index.php\/wp-json\/wp\/v2\/pages\/52","targetHints":{"allow":["GET"]}}],"collection":[{"href":"https:\/\/www.reperes44.org\/index.php\/wp-json\/wp\/v2\/pages"}],"about":[{"href":"https:\/\/www.reperes44.org\/index.php\/wp-json\/wp\/v2\/types\/page"}],"author":[{"embeddable":true,"href":"https:\/\/www.reperes44.org\/index.php\/wp-json\/wp\/v2\/users\/1"}],"replies":[{"embeddable":true,"href":"https:\/\/www.reperes44.org\/index.php\/wp-json\/wp\/v2\/comments?post=52"}],"version-history":[{"count":5,"href":"https:\/\/www.reperes44.org\/index.php\/wp-json\/wp\/v2\/pages\/52\/revisions"}],"predecessor-version":[{"id":265,"href":"https:\/\/www.reperes44.org\/index.php\/wp-json\/wp\/v2\/pages\/52\/revisions\/265"}],"wp:attachment":[{"href":"https:\/\/www.reperes44.org\/index.php\/wp-json\/wp\/v2\/media?parent=52"}],"curies":[{"name":"wp","href":"https:\/\/api.w.org\/{rel}","templated":true}]}}

<h5 class="wp-block-heading">L’association REPERES 44, <strong>RÉ</strong>seau de <strong>P</strong>révention <strong>E</strong>t de <strong>RE</strong>cherches sur le <strong>S</strong>uicide, voit le jour en Août 2006, à l&rsquo;initiative d&rsquo;associations et d&rsquo;institutions qui agissaient sur le département de la Loire Atlantique à la prévention du mal-être et du risque suicidaire.</h5>



<h5 class="wp-block-heading">Elle a pour objectif la prévention et l’amélioration de la prise en charge des personnes en situation de crise suicidaire et de leur entourage, en favorisant la réflexion et l’articulation des pratiques entre les différents partenaires des lieux ressources et structures de soins.</h5>



<h5 class="wp-block-heading"> Elle regroupe aujourd&rsquo;hui des professionnelles salariés et bénévoles qui représentent des institutions et des associations des champs sanitaire et social.</h5>



<h5 class="wp-block-heading">Le réseau étant un dispositif élémentaire en terme de prévention du suicide, REPERES 44 propose différentes actions qui permettent de découvrir des savoir-faire, des dispositifs spécifiques ainsi que des avancées de la recherche dans le champ de la prévention du suicide. </h5>

<p>L’association REPERES 44, RÉseau de Prévention Et de REcherches sur le Suicide, voit le jour en Août 2006, à l&rsquo;initiative d&rsquo;associations et d&rsquo;institutions qui agissaient sur le département de la Loire Atlantique à la prévention du mal-être et du risque suicidaire. Elle a pour objectif la prévention et l’amélioration de la prise en charge des &#8230; <a title="Historique" class="read-more" href="https://www.reperes44.org/index.php/historique/" aria-label="En savoir plus sur Historique">Lire la suite</a></p>
